{"id":537,"date":"2026-03-05T07:11:47","date_gmt":"2026-03-05T07:11:47","guid":{"rendered":"https:\/\/egcreation.fr\/?post_type=product&#038;p=537"},"modified":"2026-03-07T17:31:11","modified_gmt":"2026-03-07T17:31:11","slug":"costume-homme-bleu-a-carreaux-coupe-ajustee","status":"publish","type":"product","link":"https:\/\/egcreation.fr\/index.php\/produit\/costume-homme-bleu-a-carreaux-coupe-ajustee\/","title":{"rendered":"Costume homme bleu \u00e0 carreaux, 2 pi\u00e8ces, coupe ajust\u00e9e | E-G Creation Paris"},"content":{"rendered":"<p> Style moderne et \u00e9l\u00e9gant pour soir\u00e9es, mariages et occasions sp\u00e9ciales.<\/p>\n","protected":false},"excerpt":{"rendered":"<p> Style moderne et \u00e9l\u00e9gant pour soir\u00e9es, mariages et occasions sp\u00e9ciales.<\/p>\n","protected":false},"featured_media":596,"template":"","meta":[],"product_brand":[],"product_cat":[25,18,123],"product_tag":[185,184,182,189],"class_list":{"0":"post-537","1":"product","2":"type-product","3":"status-publish","4":"has-post-thumbnail","6":"product_cat-costumes","7":"product_cat-hommes","8":"product_cat-hommes-vests","9":"product_tag-costume","10":"product_tag-costume-croise-lin-laine","11":"product_tag-costume-herring-noir-classic","12":"product_tag-coupe-croisee","14":"first","15":"instock","16":"shipping-taxable","17":"purchasable","18":"product-type-simple"},"_links":{"self":[{"href":"https:\/\/egcreation.fr\/index.php\/wp-json\/wp\/v2\/product\/537","targetHints":{"allow":["GET"]}}],"collection":[{"href":"https:\/\/egcreation.fr\/index.php\/wp-json\/wp\/v2\/product"}],"about":[{"href":"https:\/\/egcreation.fr\/index.php\/wp-json\/wp\/v2\/types\/product"}],"wp:featuredmedia":[{"embeddable":true,"href":"https:\/\/egcreation.fr\/index.php\/wp-json\/wp\/v2\/media\/596"}],"wp:attachment":[{"href":"https:\/\/egcreation.fr\/index.php\/wp-json\/wp\/v2\/media?parent=537"}],"wp:term":[{"taxonomy":"product_brand","embeddable":true,"href":"https:\/\/egcreation.fr\/index.php\/wp-json\/wp\/v2\/product_brand?post=537"},{"taxonomy":"product_cat","embeddable":true,"href":"https:\/\/egcreation.fr\/index.php\/wp-json\/wp\/v2\/product_cat?post=537"},{"taxonomy":"product_tag","embeddable":true,"href":"https:\/\/egcreation.fr\/index.php\/wp-json\/wp\/v2\/product_tag?post=537"}],"curies":[{"name":"wp","href":"https:\/\/api.w.org\/{rel}","templated":true}]}}